 43. Let j(o) = -23*o**2 + 3 - y + 22*o**2. Calculate j(0).
-8
Let t(r) be the first derivative of 0*r + 8 + 11/2*r**2. Let w = -8 + 9. What is t(w)?
11
Let i(r) = r**2. Let s(t) = t**2 - 9*t - 4. Let g(f) = -2*i(f) + s(f). Let c be g(-9). Let b(k) = k**3 + 3*k**2 - k - 5. Calculate b(c).
-17
Let p = 926 - 916. Let a(h) = h**3 - 10*h**2 - 2*h + 23. Determine a(p).
3
Let x(v) = v**3 + v**2 + 2. Let r be x(0). Let m(c) be the second derivative of -c**4/6 + c**3/6 + c**2 - 680*c. Calculate m(r).
-4
Let n be (-3)/2 + (-2)/12*-3. Let w(d) = -d**2 - 1. Let a(o) = -5*o**2 - 8*o. Let h(z) = n*a(z) + 6*w(z). Give h(7).
1
Let n(b) = b**3 - b**2 - b + 1. Let q(v) = 8*v**3 - 3*v**2 - 4*v + 3. Let i(m) = 5*n(m) - q(m). What is i(2)?
-32
Let g be (1 - -2)/(((-6)/(-4))/(-1)). Let j(q) = q**2 + q - 3. Let t be j(g). Let h(k) = 12*k**3 - 2*k**2 + 1. Give h(t).
-13
Let k(g) = -g**3 - 6*g**2 - 2*g - 8. Suppose -3*o + 2*v = -v, -5*o = 4*v - 9. Let z be -2 - (4/o + 0). Determine k(z).
4
Let f(k) = 3*k - 6. Suppose m = 7*m - 12. Suppose i + m = -c + 4, 6 = -2*i. What is f(c)?
9
Suppose 19*a - 14*a = 275. Let c = 49 - a. Let q(r) = r + 2. Determine q(c).
-4
Let j = -16 + 10. Let w be (10/(-4))/(3/j). Let i(p) be the third derivative of p**4/24 + p**3/6 - 196*p**2. What is i(w)?
6
Let a(i) = i**2 - 6. Suppose 4*k - n + 19 + 16 = 0, k = -2*n - 20. Let r be k/(-6)*(6 + 3). Suppose -5*y - 5*f - r = 0, -y + f - 12 = 5*f. Calculate a(y).
-6
Suppose 0 = f + 2*f + 4*o + 29, -2*o - 16 = 2*f. Let u(z) be the first derivative of 2*z + 1/4*z**4 - 3 + z**3 + 0*z**2. Give u(f).
2
Let l(u) = -u**3 - u**2 - u - 1. Suppose -d - 4*t = -24, 6*t - 2*t = 5*d. Let z be (2 + d + -2)*(-3)/(-6). What is l(z)?
-15
Let d = -146 - -132. Let c(j) = j**3 + 13*j**2 - 13*j + 9. What is c(d)?
-5
Let i(t) = 2 + 3*t - 1 - 2. Suppose -3*f = -4*a + 11, 4*a = -f + 6*f + 5. Suppose y + 14 = -4*y + f*u, -6 = -2*u. Determine i(y).
-4
Let z(h) be the first derivative of h**3/3 + 6*h**2 + 30*h - 145. Determine z(-9).
3
Let d(m) be the first derivative of -m**5/20 - m**4/4 + m**3/6 - 37*m + 20. Let t(x) be the first derivative of d(x). Calculate t(-3).
-3
Let h(x) = 0*x + 7*x**2 - 8*x**2 - 1025*x**3 - x + 1022*x**3. What is h(-2)?
22
Suppose -4*q - q + 12 = u, -4*q + 10 = u. Let j(p) be the second derivative of -p**4/12 + p**2 + 42*p + 2. Calculate j(u).
-2
Let o(f) = f**3 - 6*f**2 + 3. Let i be o(6). Let x = 4 + i. Let k(a) = -6 - 3*a + 5 + x*a. Give k(-1).
-5
Let h(q) = q**3 + 7*q**2 + 5*q - 3. Let x be 27/36 - 26/(-8) - 10. Calculate h(x).
3
Let d(w) be the first derivative of -w**4/4 + 4*w**3/3 + 2*w**2 - 5*w + 8. Let f = -33 - -12. Let t = -16 - f. What is d(t)?
-10
Let f(m) be the first derivative of m**3/3 - 5*m**2/2 - 4*m + 75. Determine f(-2).
10
Let x(i) = -i**2 + 5*i + 5. Let z(q) = -8*q - 9. Let v be z(-3). Let f = v + -8. What is x(f)?
-9
Suppose 104 = 6*d + 2. Let a(i) = -i + 11. Let k be a(d). Let z(b) = b**3 + 6*b**2 + 2*b. Calculate z(k).
-12
Let r(f) = -f**3 - 7*f**2 - 3*f - 3. Let j(g) = 4*g**2 - 13*g - 17. Let u be j(4). Determine r(u).
-38
Let d(z) be the second derivative of 4*z**3/3 - 3*z**2/2 + 2*z - 82. Give d(3).
21
Let c(g) = 7 + 3*g + 3*g - 5*g. Let y be 472/10 + (12/(-10) - -1). Let x = y + -54. Determine c(x).
0
Let w(z) be the third derivative of -5*z**2 + 0 - 1/360*z**6 + 0*z - 1/30*z**5 + 1/2*z**3 + 0*z**4. Let h(o) be the first derivative of w(o). What is h(-5)?
-5
Let f(p) = -p**2 - 40*p - 306. Let k be f(-30). Let g(j) = j + 5. Calculate g(k).
-1
Suppose 2*i = z + 1, -5*z - 23 = 2. Let f(w) = w**3 + w**2 + w - 2. Calculate f(i).
-8
Let l(b) = -13*b**3 - 24*b**2 - 33*b + 13. Let g(d) = 3*d**3 + 6*d**2 + 8*d - 3. Let t(u) = -9*g(u) - 2*l(u). Suppose -7 = -3*a - 22. Calculate t(a).
6
Let c = -12 - -8. Let j(g) = 3*g**3 + 5*g**2 - 3*g + 3. Let r(y) = -5*y**3 - 10*y**2 + 6*y - 6. Let m(n) = c*r(n) - 7*j(n). Give m(4).
7
Let n(b) = -b**2 - b + 4. Let g = 27 + -30. Let t be n(g). Let s(p) = p**3 + 2*p**2 + 3*p + 3. Determine s(t).
-3
Let s(c) = -2*c - 2 + 1010*c**2 + c - c**3 - 505*c**2 - 506*c**2. What is s(0)?
-2
Let k(h) = h**3 - 4*h**2 + 3*h - 4. Let l(t) = -t**3 + 10*t**2 - 10*t + 12. Let j(m) = -3*m. Let s be j(-3). Let r be l(s). Determine k(r).
-4
Let d = 14 - 9. Suppose q + 0*q = d. Let v = -10 + q. Let h(i) = -i**3 - 6*i**2 - 6*i + 1. Give h(v).
6
Let j(w) be the second derivative of 1/6*w**3 - 1/4*w**4 + 1/20*w**5 + 7*w - 2*w**2 + 0. Determine j(3).
-1
Let n = -67 + 63. Let x(l) = -l**3 + 6*l**2 - 2*l + 6. Let o(y) = y**3 - 6*y**2 + 2*y - 5. Let w(q) = n*x(q) - 5*o(q). Calculate w(4).
25
Suppose 0 = -3*r - 4*x + 12, 3 = -4*x + 15. Suppose i + 3*i = r. Let u(o) = -o**3 + i*o**2 - 2*o**2 - 4 + 1. Give u(-3).
6
Let b(h) = -h + 18. Let z be b(15). Let o = z + -5. Let i(k) = -6*k - 2. Calculate i(o).
10
Let n(f) = -3*f**3 - 25*f**2 + 20*f + 12. Let x = -49 + 46. Let g(i) = -2*i**3 - 13*i**2 + 10*i + 6. Let v(y) = x*n(y) + 5*g(y). What is v(9)?
-15
Suppose -3*l - 4*a + 0 + 2 = 0, -l + 5 = -3*a. Let b(v) = -v**l + 2 + 7*v**3 + 0*v**2 - 6*v**3. Calculate b(0).
2
Let r be 4/(-3)*12/(-8). Let y = 18 + r. Suppose 3*n = -y + 8, 3*w = -3*n. Let c(t) = 2*t**2 - 5*t - 3. Calculate c(w).
9
Let w be (-18)/4*14/21. Let z(x) = x - 6*x + 6*x - 5*x**2 + 6*x**2. What is z(w)?
6
Let s = -29 + 31. Let m(o) be the third derivative of -1/24*o**4 + 0*o - 2/3*o**3 + 6*o**s + 0. Determine m(3).
-7
Let z = 3527 + -3523. Let t(n) be the second derivative of n**5/20 - n**4/6 - 2*n**3/3 + 3*n**2/2 - n. What is t(z)?
19
Let g(n) = n + 43. Let p be g(-37). Let r(z) = z**2 - 8*z + 8. What is r(p)?
-4
Let v be (-192)/320 - (-66)/10. Let m(s) = 3*s**2 - 5*s - 8. Determine m(v).
70
Let z(n) be the second derivative of n**3/6 + 6*n**2 + 8*n. Let c = -299 - -290. Calculate z(c).
3
Let z(m) be the third derivative of m**4/12 + m**3 + 13*m**2. Let u be z(-2). Let t(s) = -11*s + 2*s + 7 - 4. Give t(u).
-15
Let c(k) be the third derivative of k**4/24 + k**3/3 - 103*k**2. Calculate c(-7).
-5
Let j(y) = -y**2 + 2*y + 5. Let q(h) = -h**2 + 4*h + 6. Let m(t) = -7*j(t) + 6*q(t). Determine m(-7).
-20
Let o(v) = -v**2 + 4*v - 2. Suppose 0 = p - j - 7, 5*p + 6*j = 4*j. Suppose p*b - 5*m - 18 + 3 = 0, 0 = -b - 4*m + 27. Let w = 19 - b. Give o(w).
-2
Let b be ((-6)/(-1))/(18/12). Let k be -1 + (4 - (-2 + 1)). Suppose k*m + b = 2*m. Let r(j) = -j**3 - 6*j**2 - 3*j - 1. Give r(m).
-11
Let h = -37 - -41. Let z(m) = -4*m**2 - m**3 + 0*m**3 + h*m + 3*m - 3 - m. What is z(-5)?
-8
Let h(v) = v**3 - 2*v**2 + 6*v + 4. Let u(p) = -p**3 + 2*p**2 - 5*p - 4. Let y(m) = 5*h(m) + 6*u(m). Give y(3).
-13
Let g(w) = -w**3 - 5*w**2 - 2*w - 4. Let u be (27/12)/((-301)/56 + 5). Give g(u).
44
Let a(u) be the first derivative of -u**2/2 + 7*u + 28. Calculate a(3).
4
Let n(y) = 4*y - 9 - 3 - 3*y. Let s(w) = -w**2 + 3*w + 10. Let v = -48 + 52. Let l be s(v). What is n(l)?
-6
Let b = -568 - -177. Let s be b/85 - 4/10. Let w(v) = -v + 1. Calculate w(s).
6
Let f(o) be the first derivative of o**3/3 + 3*o**2/2 - o + 3. Let m be 27*(10/(-3) + 3). Let u be -6*((-33)/m + -4). Give f(u).
9
Let b(f) = -6*f**3 - 9*f**2 - 50*f - 25. Let l(w) = -w**3 - 2*w**2 - 10*w - 5. Let d(c) = -2*b(c) + 11*l(c). Determine d(6).
7
Let a(j) = -j**2 - 9*j + 1. Let x(v) = -2*v**2 - 18*v + 1. Let k(z) = -5*a(z) + 3*x(z). Give k(-7).
12
Let h(i) = 4*i - 2. Let y(c) = c. Let w(s) = -h(s) + 5*y(s). Suppose 0*p = 3*p - 24. Suppose -4*r + 3*o + p = 0, 3*r + 4*o - 26 = r. Give w(r).
7
Let m(r) = r - 5. Let u(b) = b**3 + 20*b**2 - 20*b + 25. Let x be u(-21). Suppose c + 3 = -3*v - 1, -x*c = -v + 16. Give m(v).
-5
Let o(x) = x**2 + 9*x - 3. Let j be 28/(-14)*10/(-4). Let h(q) = q**2 + 5*q - 2. Let y(t) = j*h(t) - 3*o(t). Determine y(2).
3
Let w = 18 - 10. Let f(o) = -w - 6*o + 4*o + 3*o. Let v = -680 + 685. Determine f(v).
-3
Let k(i) = 3*i - 5. Suppose 2*o - 3*o = 12. Let b be (-34)/(-6) + 8/o. Give k(b).
10
Let o = 15 - 14. Let t = o - 4. Let c(p) be the third derivative of 5*p**4/24 + p**3/3 + 4*p**2. Calculate c(t).
-13
Let z(u) = -8*u. Let o(y) = 18*y + 2. Let a(f) = -3*o(f) - 7*z(f). Calculate a(5).
4
Suppose -3 + 1 = 2*d. Let a = d + -2. Let x(u) = 94 - 96 - 34*u + 33*u + 4*u**2 + u**3. Determine x(a).
10
Let r(u) = -u**3 - 7*u**2 + 3*u + 3. Let k be (49 - 46) + (-10 - (-3